 the prime factors of 5097153936.
2, 3, 7, 15170101
List the prime factors of 166144445.
5, 33228889
What are the prime factors of 515707117?
515707117
What are the prime factors of 63438125?
5, 101501
What are the prime factors of 1611408468?
2, 3, 19, 131, 53951
What are the prime factors of 79452468?
2, 3, 37, 59, 337
List the prime factors of 277096913.
47, 5895679
List the prime factors of 36164056.
2, 47, 96181
List the prime factors of 269420189.
2789, 96601
List the prime factors of 79740502.
2, 39870251
What are the prime factors of 93724882?
2, 53, 389, 2273
What are the prime factors of 82609113?
3, 1069, 25759
List the prime factors of 61817405.
5, 13, 229, 4153
List the prime factors of 84587471.
84587471
List the prime factors of 92808199.
11, 67, 125927
What are the prime factors of 28885172?
2, 7221293
What are the prime factors of 86882764?
2, 4373, 4967
What are the prime factors of 71727342?
2, 3, 11954557
List the prime factors of 158094873.
3, 1229, 14293
What are the prime factors of 2924986981?
7, 23, 83, 218887
What are the prime factors of 682342405?
5, 53, 67, 38431
What are the prime factors of 64157398?
2, 4057, 7907
List the prime factors of 283236427.
283236427
What are the prime factors of 15665678?
2, 7, 199, 5623
List the prime factors of 226122523.
11, 1291, 15923
What are the prime factors of 47513585?
5, 7, 19, 59, 173
List the prime factors of 2771248865.
5, 7, 11, 523, 13763
What are the prime factors of 2463222348?
2, 3, 68422843
List the prime factors of 3306845616.
2, 3, 68892617
List the prime factors of 102928.
2, 7, 919
What are the prime factors of 105510446?
2, 52755223
What are the prime factors of 43512682?
2, 53, 410497
List the prime factors of 19919572.
2, 4979893
What are the prime factors of 478296833?
7, 68328119
List the prime factors of 184459059.
3, 61, 111997
What are the prime factors of 72018290?
2, 5, 17, 23, 113, 163
List the prime factors of 3809118.
2, 3, 634853
List the prime factors of 100072570.
2, 5, 13, 769789
What are the prime factors of 417391748?
2, 53, 1968829
List the prime factors of 91862117.
4909, 18713
What are the prime factors of 2526286472?
2, 31, 47, 73, 2969
What are the prime factors of 59822048?
2, 11, 13, 17, 769
List the prime factors of 14778550.
2, 5, 295571
What are the prime factors of 106046930?
2, 5, 11, 67, 14389
What are the prime factors of 618436058?
2, 47, 139981
List the prime factors of 7646089.
11, 695099
What are the prime factors of 2066999763?
3, 688999921
What are the prime factors of 3974153355?
3, 5, 61, 482593
What are the prime factors of 42798591?
3, 11, 144103
What are the prime factors of 358707227?
358707227
List the prime factors of 600017077.
11, 23, 2371609
List the prime factors of 7452838248.
2, 3, 97, 3201391
What are the prime factors of 6753105317?
7, 31, 31120301
What are the prime factors of 243405357?
3, 13, 149, 41887
What are the prime factors of 29291965?
5, 1153, 5081
What are the prime factors of 67717029?
3, 3739, 6037
List the prime factors of 56149412.
2, 11, 1276123
What are the prime factors of 2905849401?
3, 7, 13, 47, 32353
What are the prime factors of 35194838?
2, 7, 197, 1823
What are the prime factors of 102710372?
2, 37, 693989
What are the prime factors of 2214760964?
2, 13, 42591557
What are the prime factors of 17893550?
2, 5, 113, 3167
List the prime factors of 46516323.
3, 7, 47, 47129
List the prime factors of 145519401.
3, 48506467
List the prime factors of 29205235.
5, 17, 343591
What are the prime factors of 6351428921?
28393, 223697
What are the prime factors of 1550683539?
3, 1913, 90067
List the prime factors of 222519726.
2, 3, 11, 13, 29, 271
List the prime factors of 834339079.
7, 1721, 69257
What are the prime factors of 38530220?
2, 5, 1217, 1583
What are the prime factors of 22325768?
2, 2790721
List the prime factors of 3214257416.
2, 401782177
List the prime factors of 252068232.
2, 3, 13, 29, 2143
List the prime factors of 309676270.
2, 5, 251, 123377
List the prime factors of 113608697.
1061, 107077
List the prime factors of 69801353.
69801353
What are the prime factors of 951210435?
3, 5, 7, 17, 727, 733
List the prime factors of 190867602.
2, 3, 17, 317, 5903
What are the prime factors of 227773660?
2, 5, 3229, 3527
List the prime factors of 188295102.
2, 3, 109, 95971
What are the prime factors of 162231938?
2, 11, 7374179
What are the prime factors of 6411944010?
2, 3, 5, 271, 788677
What are the prime factors of 75859110?
2, 3, 5, 842879
What are the prime factors of 15308501?
13, 23, 51199
What are the prime factors of 111545281?
29, 3846389
List the prime factors of 536063118.
2, 3, 2111, 42323
List the prime factors of 1572143666.
2, 2447, 321239
What are the prime factors of 139492051?
337, 413923
List the prime factors of 386052810.
2, 3, 5, 11, 13, 89989
List the prime factors of 13347224.
2, 11, 151673
What are the prime factors of 159441658?
2, 23, 37, 4073
List the prime factors of 539967995.
5, 7, 2203951
What are the prime factors of 3808200847?
11, 5399, 64123
What are the prime factors of 50117641?
7, 83, 12323
What are the prime factors of 1114090961?
47, 23704063
List the prime factors of 27433557.
3, 3048173
What are the prime factors of 35873145?
3, 5, 7, 11, 17, 29
List the prime factors of 372119218.
2, 19, 9792611
List the prime factors of 950272473.
3, 877, 361183
List the prime factors of 53572310.
2, 5, 11, 487021
List the prime factors of 1282401656.
2, 19, 491, 17183
List the prime factors of 3187568429.
50789, 62761
List the prime factors of 17320318.
2, 109, 79451
List the prime factors of 34712054.
2, 13, 1335079
List the prime factors of 368440247.
7, 283, 185987
List the prime factors of 4830729404.
2, 19, 29, 101, 21701
What are the prime factors of 4052476835?
5, 11, 23, 3203539
What are the prime factors of 300417808?
2, 18776113
What are the prime factors of 6069518992?
2, 19, 1050817
List the prime factors of 41339751.
3, 97, 142061
What are the prime factors of 40357748?
2, 19, 531023
List the prime factors of 54403357.
31, 37, 47431
List the prime factors of 28453942.
2, 11, 1293361
List the prime factors of 1661581076.
2, 415395269
What are the prime factors of 113129256?
2, 3, 241, 19559
List the prime factors of 633832738.
2, 7, 11, 587971
List the prime factors of 567111047.
43, 1217, 10837
List the prime factors of 103818123.
3, 163, 70769
What are the prime factors of 9020300147?
17, 2309, 229799
List the prime factors of 111807823.
111807823
List the prime factors of 2238444611.
13, 37, 197, 23623
List the prime factors of 209595789.
3, 13, 29, 59, 349
List the prime factors of 69262715.
5, 13852543
List the prime factors of 80713396.
2, 20178349
List the prime factors of 1273377176.
2, 59, 743, 3631
List the prime factors of 68947306.
2, 34473653
List the prime factors of 127794521.
5749, 22229
List the prime factors of 401697123.
3, 37, 53, 68281
What are the prime factors of 264729799?
264729799
What are the prime factors of 178652589?
3, 5483, 10861
List the prime factors of 2473918612.
2, 11, 2477, 22699
What are the prime factors of 274160579?
7, 11, 3560527
What are the prime factors of 261538195?
5, 73, 716543
List the prime factors of 457472425.
5, 31, 277, 2131
What are the prime factors of 2985174733?
2089, 1428997
What are the prime factors of 473785328?
2, 29611583
List the prime factors of 1445595200.
2, 5, 7, 337, 383
What are the prime factors of 290797106?
2, 73, 1991761
What are the prime factors of 1136430267?
3, 7, 647, 83641
List the prime factors of 556882281.
3, 61875809
What are the prime factors of 1577718706?
2, 788859353
List the prime factors of 1237204747.
3697, 334651
What are the prime factors of 393957263?
7, 56279609
List the prime factors of 856078438.
2, 9743, 43933
List the prime factors of 142386860.
2, 5, 7, 11, 92459
What are the prime factors of 1248501267?
3, 13, 17, 19, 33037
What are the prime factors of 334944076?
2, 271, 308989
List the prime factors of 331216156.
2, 37, 191, 11717
What are the prime factors of 953011473?
3, 317670491
What are the prime factors of 107748417?
3, 7, 53, 131, 739
List the prime factors of 401080280.
2, 5, 89, 112663
List the prime factors of 4572713367.
3